 of 22403757?
2
What is the millions digit of 2334214?
2
What is the millions digit of 4406804?
4
What is the units digit of 484383?
3
What is the hundreds digit of 3362117?
1
What is the ten thousands digit of 407792?
0
What is the units digit of 184845?
5
What is the hundreds digit of 108988?
9
What is the tens digit of 1472711?
1
What is the thousands digit of 623803?
3
What is the hundred thousands digit of 7213280?
2
What is the thousands digit of 73364?
3
What is the millions digit of 7938984?
7
What is the ten thousands digit of 8233516?
3
What is the millions digit of 1166112?
1
What is the units digit of 733452?
2
What is the tens digit of 214411?
1
What is the hundreds digit of 2726821?
8
What is the thousands digit of 1923041?
3
What is the hundreds digit of 438842?
8
What is the hundred thousands digit of 8765472?
7
What is the units digit of 16696985?
5
What is the hundreds digit of 131481?
4
What is the ten thousands digit of 132033?
3
What is the thousands digit of 669278?
9
What is the tens digit of 15208590?
9
What is the hundreds digit of 8323968?
9
What is the hundred thousands digit of 196926?
1
What is the millions digit of 18738091?
8
What is the units digit of 698300?
0
What is the units digit of 11777662?
2
What is the ten thousands digit of 417924?
1
What is the tens digit of 28379901?
0
What is the hundreds digit of 98843?
8
What is the thousands digit of 5765211?
5
What is the ten millions digit of 31470745?
3
What is the ten thousands digit of 1997084?
9
What is the units digit of 339489?
9
What is the hundreds digit of 3325707?
7
What is the hundred thousands digit of 104384?
1
What is the ten thousands digit of 416991?
1
What is the hundred thousands digit of 22155348?
1
What is the hundreds digit of 1296662?
6
What is the hundreds digit of 402352?
3
What is the thousands digit of 1614085?
4
What is the thousands digit of 2134360?
4
What is the millions digit of 9513641?
9
What is the units digit of 4825?
5
What is the units digit of 1205511?
1
What is the hundreds digit of 10159?
1
What is the units digit of 909491?
1
What is the millions digit of 5344938?
5
What is the tens digit of 391939?
3
What is the thousands digit of 455062?
5
What is the hundred thousands digit of 2334943?
3
What is the thousands digit of 152676?
2
What is the units digit of 845313?
3
What is the tens digit of 20930922?
2
What is the ten thousands digit of 774688?
7
What is the ten thousands digit of 918207?
1
What is the tens digit of 2034676?
7
What is the tens digit of 6303405?
0
What is the ten thousands digit of 684710?
8
What is the hundreds digit of 366934?
9
What is the units digit of 1130993?
3
What is the thousands digit of 17720078?
0
What is the thousands digit of 998630?
8
What is the thousands digit of 360894?
0
What is the hundreds digit of 515470?
4
What is the thousands digit of 2816253?
6
What is the thousands digit of 15445665?
5
What is the tens digit of 388488?
8
What is the ten thousands digit of 807057?
0
What is the tens digit of 8647278?
7
What is the hundreds digit of 842585?
5
What is the units digit of 55380?
0
What is the tens digit of 218092?
9
What is the tens digit of 1271658?
5
What is the thousands digit of 450601?
0
What is the hundred thousands digit of 359335?
3
What is the hundreds digit of 529362?
3
What is the tens digit of 121632?
3
What is the units digit of 38954?
4
What is the units digit of 368640?
0
What is the millions digit of 27282510?
7
What is the ten thousands digit of 698420?
9
What is the tens digit of 1537767?
6
What is the units digit of 33416?
6
What is the thousands digit of 586787?
6
What is the units digit of 3947675?
5
What is the tens digit of 58488?
8
What is the units digit of 170311?
1
What is the thousands digit of 5547?
5
What is the ten thousands digit of 1341221?
4
What is the millions digit of 2922693?
2
What is the units digit of 1817125?
5
What is the tens digit of 8286?
8
What is the units digit of 305696?
6
What is the thousands digit of 237177?
7
What is the hundred thousands digit of 2319806?
3
What is the tens digit of 13272?
7
What is the tens digit of 187305?
0
What is the ten thousands digit of 5661760?
6
What is the millions digit of 30730114?
0
What is the thousands digit of 647999?
7
What is the hundred thousands digit of 3381107?
3
What is the hundred thousands digit of 895933?
8
What is the ten thousands digit of 1204128?
0
What is the hundred thousands digit of 2044817?
0
What is the units digit of 284280?
0
What is the millions digit of 8378277?
8
What is the units digit of 3392427?
7
What is the tens digit of 10719?
1
What is the thousands digit of 511818?
1
What is the tens digit of 528997?
9
What is the ten thousands digit of 81790?
8
What is the millions digit of 3227739?
3
What is the thousands digit of 4487630?
7
What is the ten thousands digit of 1218571?
1
What is the hundred thousands digit of 9961808?
9
What is the hundreds digit of 546829?
8
What is the hundreds digit of 1313687?
6
What is the tens digit of 137174?
7
What is the hundred thousands digit of 4375814?
3
What is the millions digit of 10372999?
0
What is the thousands digit of 79651?
9
What is the hundreds digit of 106975?
9
What is the tens digit of 346788?
8
What is the hundreds digit of 1133660?
6
What is the thousands digit of 78577?
8
What is the units digit of 871721?
1
What is the hundred thousands digit of 638401?
6
What is the hundred thousands digit of 6717455?
7
What is the tens digit of 1496459?
5
What is the hundreds digit of 6782692?
6
What is the hundreds digit of 25288053?
0
What is the units digit of 520303?
3
What is the tens digit of 4730443?
4
What is the hundred thousands digit of 2572856?
5
What is the millions digit of 16489968?
6
What is the ten thousands digit of 510090?
1
What is the units digit of 4250771?
1
What is the ten thousands digit of 2188815?
8
What is the tens digit of 127682?
8
What is the units digit of 2029791?
1
What is the hundreds digit of 58607?
6
What is the tens digit of 247203?
0
What is the tens digit of 1232007?
0
What is the hundred thousands digit of 10709044?
7
What is the thousands digit of 257390?
7
What is the hundreds digit of 16653083?
0
What is the thousands digit of 401510?
1
What is the ten thousands digit of 2543453?
4
What is the thousands digit of 2807501?
7
What is the ten thousands digit of 1130673?
3
What is the hundred thousands digit of 302545?
3
What is the thousands digit of 5807?
5
What is the hundred thousands digit of 486347?
4
What is the hundreds digit of 250290?
2
What is the ten thousands digit of 430385?
3
What is the hundreds digit of 3501949?
9
What is the thousands digit of 13470499?
0
What is the thousands digit of 43960?
3
What is the hundreds digit of 33481?
4
What is the tens digit of 3927794?
9
What is the hundreds digit of 106283?
2
What is the hundred thousands digit of 1160667?
1
What is the thousands digit of 10463344?
3
What is the millions digit of 2553527?
2
What is the hundreds digit of 17932112?
1
What is the units digit of 52177?
7
What is the millions digit of 4751521?
4
What is the units digit of 2064986?
6
What is the millions digit of 23710692?
3
What is the millions digit of 6064654?
6
What is the units digit of 11602619?
9
What is the units digit of 135388?
8
What is the hundreds digit of 72936?
9
What is the tens digit of 4907675?
7
What is the hundred thousands digit of 138326?
1
What is the tens digit of 665937?
3
What is the hundred thousands digit of 1794298?
7
What is the tens digit of 29659?
5
What is the thousands digit of 6083679?
3
What is the tens digit of 2239890?
9
What is the tens digit of 2267698?
9
What is the hundred thousands digit of 132279?
1
What is the tens digit of 6557830?
3
What is the tens digit of 32761?
6
What is the millions digit of 1202630?
1
What is the hundreds digit of 153239?
2
What is the ten thousands digit of 741555?
4
What is the millions digit of 24619943?
4
What is the hundreds digit of 12189581?
5
What is the hundred thousands digit of 1204001?
2
What is the hundreds digit of 35505519?
5
What is the hundreds digit of 7673914?
9
What is the tens digit of 579993?
9
What is the tens digit of 5498820?
2
What is the hundred thousands digit 